multiple of 15?
False
Is 54 a factor of 540?
True
Does 139 divide 33082?
True
Does 11 divide 3080?
True
Is 505 a multiple of 72?
False
Does 64 divide 5774?
False
Does 70 divide 1260?
True
Does 7 divide 272?
False
Is 4833 a multiple of 27?
True
Is 166 a factor of 14175?
False
Is 393 a multiple of 5?
False
Is 9 a factor of 25713?
True
Is 5 a factor of 16010?
True
Is 46 a factor of 4969?
False
Does 12 divide 1510?
False
Is 16 a factor of 496?
True
Does 185 divide 1480?
True
Is 820 a multiple of 4?
True
Does 26 divide 1473?
False
Does 26 divide 710?
False
Does 13 divide 7143?
False
Does 95 divide 159?
False
Is 37 a factor of 159?
False
Is 23 a factor of 1334?
True
Does 92 divide 17181?
False
Does 166 divide 5478?
True
Is 15694 a multiple of 14?
True
Is 42912 a multiple of 96?
True
Is 368 a multiple of 46?
True
Does 4 divide 128?
True
Is 7 a factor of 5129?
False
Does 31 divide 8092?
False
Is 1168 a multiple of 16?
True
Is 487 a multiple of 6?
False
Is 63 a factor of 1983?
False
Is 16 a factor of 160?
True
Is 16838 a multiple of 10?
False
Does 14 divide 4395?
False
Is 6 a factor of 71?
False
Is 474 a multiple of 79?
True
Does 7 divide 775?
False
Does 17 divide 53?
False
Is 7162 a multiple of 48?
False
Does 5 divide 3550?
True
Does 14 divide 2436?
True
Is 9 a factor of 483?
False
Does 3 divide 5808?
True
Is 172 a multiple of 30?
False
Is 38 even?
True
Does 8 divide 452?
False
Is 2603 a multiple of 6?
False
Does 62 divide 1550?
True
Is 22 a factor of 943?
False
Does 6 divide 1074?
True
Is 76 a factor of 892?
False
Is 157 a factor of 7511?
False
Is 55 a factor of 1616?
False
Is 53435 a multiple of 10?
False
Is 76 a factor of 15287?
False
Does 32 divide 960?
True
Does 45 divide 4455?
True
Is 96 a factor of 3360?
True
Does 6 divide 174?
True
Is 259 a factor of 137788?
True
Is 757 a multiple of 9?
False
Does 23 divide 2372?
False
Does 367 divide 23104?
False
Does 4 divide 2948?
True
Does 82 divide 7974?
False
Is 5079 a multiple of 9?
False
Is 140 a multiple of 7?
True
Does 275 divide 81125?
True
Is 240 a multiple of 20?
True
Does 13 divide 23445?
False
Is 21 a factor of 1092?
True
Is 31710 a multiple of 190?
False
Is 10 a factor of 4460?
True
Does 49 divide 49?
True
Is 418 a multiple of 6?
False
Is 56789 a multiple of 109?
True
Does 101 divide 24745?
True
Does 32 divide 37594?
False
Does 13 divide 481?
True
Is 925 a multiple of 7?
False
Is 26818 a multiple of 14?
False
Is 2044 a multiple of 14?
True
Is 13 a factor of 31548?
False
Does 13 divide 3880?
False
Is 103 a factor of 4140?
False
Does 46 divide 972?
False
Does 100 divide 314?
False
Does 124 divide 5788?
False
Does 25 divide 500?
True
Is 95640 a multiple of 15?
True
Does 20 divide 1040?
True
Is 6 a factor of 162?
True
Is 9450 a multiple of 135?
True
Is 6478 a multiple of 62?
False
Does 23 divide 55133?
False
Is 144 a factor of 76353?
False
Is 6 a factor of 1466?
False
Is 4 a factor of 512?
True
Does 20 divide 14378?
False
Does 10 divide 500?
True
Does 11 divide 4257?
True
Does 17 divide 854?
False
Is 41249 a multiple of 10?
False
Is 58 a factor of 3027?
False
Is 34 a factor of 1054?
True
Is 204 a factor of 77878?
False
Does 71 divide 30868?
False
Is 2223 a multiple of 13?
True
Does 21 divide 770?
False
Is 3498 a multiple of 33?
True
Is 149 a factor of 56620?
True
Does 57 divide 22401?
True
Is 14 a factor of 732?
False
Does 10 divide 6800?
True
Does 11 divide 2552?
True
Is 8398 a multiple of 26?
True
Is 19 a factor of 13794?
True
Is 1021 a multiple of 19?
False
Is 23 a factor of 56349?
False
Is 12 a factor of 1044?
True
Is 56 a multiple of 8?
True
Is 64 a factor of 3672?
False
Does 9 divide 251?
False
Is 248 a multiple of 2?
True
Is 57 a factor of 714?
False
Is 560 a multiple of 8?
True
Is 221 a multiple of 5?
False
Does 66 divide 1056?
True
Does 7 divide 2849?
True
Is 103 a multiple of 4?
False
Is 2464 a multiple of 63?
False
Is 38 a factor of 1223?
False
Does 83 divide 1409?
False
Is 120 a multiple of 15?
True
Is 3159 a multiple of 14?
False
Does 52 divide 2728?
False
Is 315 a factor of 94815?
True
Is 51 a factor of 1122?
True
Does 47 divide 2115?
True
Is 18285 a multiple of 15?
True
Does 25 divide 74280?
False
Does 24 divide 1552?
False
Is 3520 a multiple of 40?
True
Is 38 a factor of 879?
False
Is 1532 a multiple of 12?
False
Does 8 divide 504?
True
Is 209 a factor of 24264?
False
Does 30 divide 14307?
False
Is 127 a factor of 19530?
False
Is 13 a factor of 728?
True
Is 2997 a multiple of 37?
True
Is 27 a factor of 115248?
False
Is 62 a factor of 14632?
True
Does 18 divide 720?
True
Is 420 a multiple of 3?
True
Is 1420 a multiple of 20?
True
Is 17151 a multiple of 3?
True
Does 17 divide 983?
False
Is 4 a factor of 4?
True
Is 1364 a multiple of 11?
True
Does 51 divide 153?
True
Is 6 a factor of 626?
False
Does 14 divide 2269?
False
Is 57 a factor of 11229?
True
Does 37 divide 5143?
True
Does 7 divide 308?
True
Is 5 a factor of 465?
True
Does 40 divide 1600?
True
Is 10009 a multiple of 50?
False
Is 43 a factor of 17200?
True
Is 2382 a multiple of 13?
False
Does 85 divide 30515?
True
Is 10 a factor of 26720?
True
Is 5783 a multiple of 6?
False
Is 87 a factor of 2001?
True
Is 43 a factor of 2709?
True
Does 71 divide 12070?
True
Is 19 a factor of 23541?
True
Is 45663 a multiple of 14?
False
Is 5 a multiple of 5?
True
Is 31703 a multiple of 39?
False
Is 3234 a multiple of 33?
True
Is 2257 a multiple of 114?
False
Does 10 divide 5626?
False
Does 15 divide 1890?
True
Is 3 a factor of 73?
False
Does 72 divide 860?
False
Is 25 a factor of 26075?
True
Is 8 a factor of 31988?
False
Does 37 divide 1184?
True
Does 11 divide 2134?
True
Does 14 divide 2478?
True
Is 10 a factor of 43750?
True
Is 5 a factor of 5963?
False
Is 195 a factor of 1170?
True
Is 9992 a multiple of 25?
False
Is 264 a multiple of 2?
True
Does 43 divide 22833?
True
Is 606 a multiple of 8?
False
Is 1380 a multiple of 12?
True
Does 41 divide 52?
False
Is 2400 a multiple of 27?
False
Is 6792 even?
True
Is 580 a multiple of 5?
True
Is 49 a factor of 1225?
True
Is 1708 even?
True
Is 44296 a multiple of 98?
True
Does 10 divide 17468?
False
Is 1236 a multiple of 26?
False
Is 4290 a multiple of 51?
False
Is 30841 a multiple of 2?
False
Is 38 a factor of 10830?
True
Is 14 a factor of 349?
False
Is 10 a factor of 6910?
True
Is 19 a factor of 3306?
True
Is 924 a multiple of 22?
True
Is 13530 a multiple of 41?
True
Does 16 divide 17?
False
Does 11 divide 15154?
False
Is 5527 a multiple of 12?
False
Is 45 a factor of 4357?
False
Is 4 a factor of 5220?
True
Is 6 a factor of 4033?
False
Is 5 a factor of 1827?
False
Is 35300 a multiple of 11?
False
Is 30 a factor of 3090?
True
Is 61 a factor of 5185?
True
Is 17 a factor of 333?
False
Is 12 a factor of 5942?
False
Is 5659 a multiple of 4?
False
Is 8064 a multiple of 28?
True
Does 11 divide 2181?
False
Is 15 a factor of 2063?
False
Is 29375 a multiple of 26?
False
Is 3337 a multiple of 79?
False
Is 2041 a multiple of 13?
True
Is 3750 a multiple of 50?
True
Does 42 divide 2388?
False
Is 12 a factor of 481?
False
Is 48 a factor of 480?
True
Is 5 a factor of 6466?
False
Is 40393 a multiple of 68?
False
Does 37 divide 2448?
False
Is 5070 a multiple of 6?
True
Does 27 divide 6318?
True
Is 13571 a multiple of 3?
False
Is 24861 a multiple of 57?
False
Is 47 a factor of 14707?
False
Is 61 a factor of 5909?
False
Does 39 divide 2960?
False
Is 65 a factor of 25870?
True
Is 2 a factor of 223?
False
Is 63 a factor of 3969?
True
Is 4 a factor of 220?
True
Is 543 a multiple of 46?
False
Does 14 divide 196?
True
Is 391 a multiple of 17?
True
Is 558 a multiple of 81?
False
Is 23 a factor of 2305?
False
Is 68 a multiple of 34?
True
Is 24901 a multiple of 9?
False
Is 20 a factor of 5724?
False
Does 121 divide 4777?
False
Does 58 divide 18863?
False
Does 13 divide 1547?
True
Is 30968 a multiple of 7?
True
Is 110887 a multiple of 31?
True
Does 29 divide 14417?
False
Is 13760 a multiple of 86?
True
Does 7 divide 1502?
False
Is 18 a factor of 6912?
True
Does 19 divide 868?
False
Is 1944 a multiple of 54?
True
Is 3 a factor of 2964?
True
Does 159 divide 20829?
True
Is 3 a factor of 356?
False
Does 46 divide 58236?
True
Does 35 divide 598?
False
Is 12 a factor of 95535?
False
Does 37 divide 148?
True
Is 36 a factor of 60264?
T